{"id":5015,"date":"2020-01-07T11:27:11","date_gmt":"2020-01-07T11:27:11","guid":{"rendered":"https:\/\/krakow.bankizywnosci.pl\/?page_id=5015"},"modified":"2021-09-13T07:07:49","modified_gmt":"2021-09-13T07:07:49","slug":"podprogram-2019","status":"publish","type":"page","link":"https:\/\/krakow.bankizywnosci.pl\/?page_id=5015","title":{"rendered":"Podprogram 2019"},"content":{"rendered":"\n<figure class=\"wp-block-image\"><img loading=\"lazy\" width=\"1024\" height=\"163\" src=\"https:\/\/krakow.bankizywnosci.pl\/wp-content\/uploads\/2018\/04\/2121-1024x163.jpg\" alt=\"\" class=\"wp-image-4248\" srcset=\"https:\/\/krakow.bankizywnosci.pl\/wp-content\/uploads\/2018\/04\/2121-1024x163.jpg 1024w, https:\/\/krakow.bankizywnosci.pl\/wp-content\/uploads\/2018\/04\/2121-300x48.jpg 300w, https:\/\/krakow.bankizywnosci.pl\/wp-content\/uploads\/2018\/04\/2121-768x122.jpg 768w, https:\/\/krakow.bankizywnosci.pl\/wp-content\/uploads\/2018\/04\/2121-1160x186.jpg 1160w, https:\/\/krakow.bankizywnosci.pl\/wp-content\/uploads\/2018\/04\/2121-560x89.jpg 560w, https:\/\/krakow.bankizywnosci.pl\/wp-content\/uploads\/2018\/04\/2121-600x96.jpg 600w, https:\/\/krakow.bankizywnosci.pl\/wp-content\/uploads\/2018\/04\/2121-400x64.jpg 400w, https:\/\/krakow.bankizywnosci.pl\/wp-content\/uploads\/2018\/04\/2121-900x143.jpg 900w, https:\/\/krakow.bankizywnosci.pl\/wp-content\/uploads\/2018\/04\/2121.jpg 1167w\" sizes=\"(max-width: 1024px) 100vw, 1024px\" \/><\/figure>\n\n\n\n<p style=\"text-align:center\"><strong>PROGRAM OPERACYJNY POMOC \u017bYWNO\u015aCIOWA 2014 \u2013 2020 JEST WSP\u00d3\u0141FINANSOWANY Z EUROPEJSKIEGO FUNDUSZU POMOCY NAJBARDZIEJ POTRZEBUJ\u0104CYM<\/strong><\/p>\n\n\n\n<h3 style=\"text-align:center\"><strong>PODROGRAM 2019<\/strong><\/h3>\n\n\n\n<p>Celem tego Funduszu jest ograniczanie ub\u00f3stwa poprzez zwi\u0119kszenie bezpiecze\u0144stwa \u017cywno\u015bciowego os\u00f3b najbardziej potrzebuj\u0105cych i realizacj\u0119 dzia\u0142a\u0144 na rzecz w\u0142\u0105czenia spo\u0142ecznego. Realizowany jest on we wszystkich krajach Unii Europejskiej i wsp\u00f3\u0142finansowany w 85% ze \u015brodk\u00f3w UE.<\/p>\n\n\n\n<p>Pomoc w ramach PO P\u017b kierowana jest do os\u00f3b i rodzin o niskich dochodach i udzielana jest w formie paczek \u017cywno\u015bciowych lub posi\u0142k\u00f3w.<\/p>\n\n\n\n<p>Bank \u017bywno\u015bci w Krakowie nie udziela bezpo\u015brednio pomocy osobom potrzebuj\u0105cym, wsp\u00f3\u0142pracuje w tym zakresie z organizacjami pozarz\u0105dowymi i o\u015brodkami pomocy spo\u0142ecznej z terenu ca\u0142ej Ma\u0142opolski. Lokalne organizacje partnerskie przekazuj\u0105 \u017cywno\u015b\u0107 osobom zakwalifikowanym do pomocy w pobli\u017cu ich miejsca zamieszkania i oferuj\u0105 r\u00f3wnie\u017c inne formy wsparcia \u2013 aktywizuj\u0105ce, edukacyjne, integruj\u0105ce.<\/p>\n\n\n\n<h3 style=\"text-align:center\"><strong>PODPROGRAM 2019<\/strong><\/h3>\n\n\n\n<p><strong>CELEM PROGRAMU<\/strong>&nbsp;jest zapewnienie najubo\u017cszym mieszka\u0144com Polski pomocy \u017cywno\u015bciowej oraz uczestnictwa w dzia\u0142aniach towarzysz\u0105cych. Celami szczeg\u00f3\u0142owymi programu jest:<\/p>\n\n\n\n<ol><li>organizacja i koordynacja sieci dystrybucji pomocy \u017cywno\u015bciowej sk\u0142adaj\u0105cej&nbsp;si\u0119 z organizacji partnerskich lokalnych, zwanych dalej OPL, zgodnie z zasadami PO P\u017b,<\/li><li>racjonalne zagospodarowanie artyku\u0142\u00f3w spo\u017cywczych otrzymanych z OPO oraz z innych \u017ar\u00f3de\u0142, na potrzeby udzielania pomocy \u017cywno\u015bciowej osobom najbardziej potrzebuj\u0105cym,<\/li><li>przekazanie artyku\u0142\u00f3w spo\u017cywczych osobom zakwalifikowanym do otrzymania pomocy \u017cywno\u015bciowej zgodnie z zasadami PO P\u017b,<\/li><li>prowadzenie dzia\u0142a\u0144 w ramach \u015brodk\u00f3w towarzysz\u0105cych w\u015br\u00f3d os\u00f3b najbardziej potrzebuj\u0105cych zakwalifikowanych do obj\u0119cia pomoc\u0105 \u017cywno\u015bciow\u0105, maj\u0105cych na celu w\u0142\u0105czenie spo\u0142eczne.<\/li><\/ol>\n\n\n\n<p style=\"text-align:center\"><strong>OKRES DYSTRYBUCJI \u017bYWNO\u015aCI<\/strong>: stycze\u0144 2020 \u2013 wrzesie\u0144 2020<\/p>\n\n\n\n<p>Pomoc \u017cywno\u015bciowa dystrybuowana jest przez Banki \u017bywno\u015bci [OPR] do Organizacji Partnerskich Lokalnych [OPL], kt\u00f3re przekazuj\u0105 \u017cywno\u015b\u0107 bezpo\u015brednio do os\u00f3b potrzebuj\u0105cych.<\/p>\n\n\n\n<p style=\"text-align:center\"><strong>KRYTERIA KWALIFIKOWALNO\u015aCI I SPOS\u00d3B KWALIFIKACJI:<\/strong><\/p>\n\n\n\n<p>Pomoc w ramach PO P\u017b kierowana jest do tych os\u00f3b i rodzin, kt\u00f3re z powodu niskich dochod\u00f3w nie mog\u0105 zapewni\u0107 sobie lub rodzinie odpowiednich produkt\u00f3w \u017cywno\u015bciowych.<\/p>\n\n\n\n<p>Pomoc trafia\u0107 b\u0119dzie do ograniczonej liczby os\u00f3b znajduj\u0105cych si\u0119 w najtrudniejszej sytuacji \u017cyciowej, okre\u015blonej przes\u0142ankami z art. 7 ustawy o pomocy spo\u0142ecznej oraz poziomem dochod\u00f3w odniesionych do procentowej warto\u015bci odpowiedniego kryterium dochodowego okre\u015blonego w tej ustawie \u2013 kt\u00f3rych doch\u00f3d nie przekracza 200% kryterium dochodowego uprawniaj\u0105cego do skorzystania z pomocy spo\u0142ecznej, tj. do:<\/p>\n\n\n\n<p style=\"text-align:center\"><strong>1.402 z\u0142 dla osoby samotnie gospodaruj\u0105cej,<\/strong><\/p>\n\n\n\n<p style=\"text-align:center\"><strong>1.056 z\u0142 dla osoby w rodzinie.<\/strong><\/p>\n\n\n\n<p>Pomoc udzielana b\u0119dzie w postaci artyku\u0142\u00f3w spo\u017cywczych lub posi\u0142k\u00f3w, kt\u00f3re b\u0119d\u0105 przekazywane osobom najbardziej potrzebuj\u0105cym&nbsp;<strong>bezp\u0142atnie.<\/strong><\/p>\n\n\n\n<p><strong>SPOS\u00d3B KWALIFIKACJI:<\/strong><\/p>\n\n\n\n<ul><li><strong>OPS<\/strong>&nbsp;\u2013 b\u0119d\u0105 wydawa\u0107 osobom potrzebuj\u0105cym skierowania do otrzymania pomocy \u017cywno\u015bciowej lub przekazywa\u0107 OPL listy os\u00f3b zakwalifikowanych do pomocy z POP\u017b, pod warunkiem uzyskania zgody tych os\u00f3b;<\/li><li><strong>OPL&nbsp;<\/strong>\u2013 mog\u0105 w swoich siedzibach przyjmowa\u0107 o\u015bwiadczenia od os\u00f3b kwalifikuj\u0105cych&nbsp;si\u0119 do przyznania pomocy \u017cywno\u015bciowej [za\u0142\u0105cznik nr 5 do wytycznych]. O\u015bwiadczenia wraz z wype\u0142nionym skierowaniem przekazywane b\u0119d\u0105 do OPS, nast\u0119pnie OPS wystawia skierowania, kt\u00f3re b\u0119d\u0105 przekazywane do OPL;<\/li><li><strong>OPL<\/strong>&nbsp;\u2013 mog\u0105 samodzielnie kwalifikowa\u0107 wy\u0142\u0105cznie osoby bezdomne do udzia\u0142u w POP\u017b&nbsp;na podstawie podpisanego o\u015bwiadczenia [za\u0142\u0105cznik nr 6 do wytycznych].<\/li><\/ul>\n\n\n\n<p><strong>ZASADY PRZEKAZYWANIA ARTYKU\u0141\u00d3W SPO\u017bYWCZYCH:<\/strong><\/p>\n\n\n\n<p>Pomoc \u017cywno\u015bciowa jest przekazywana osobom najbardziej potrzebuj\u0105cym za po\u015brednictwem Organizacji Partnerskich Lokalnych w formie paczek \u017cywno\u015bciowych lub posi\u0142k\u00f3w:<\/p>\n\n\n\n<ul><li><strong>Paczka \u017cywno\u015bciowa \u2013<\/strong>&nbsp;to minimum kilka artyku\u0142\u00f3w spo\u017cywczych (co najmniej 3) sk\u0142adaj\u0105cych si\u0119 z r\u00f3\u017cnych grup towarowych wydawanych jednorazowo, a wchodz\u0105cych w sk\u0142ad zestawu.<\/li><li><strong>Posi\u0142ek \u2013<\/strong>&nbsp;to ka\u017cde danie (\u015bniadanie, II \u015bniadanie, obiad, podwieczorek lub kolacja) przygotowane w OPL np. jad\u0142odajniach, schroniskach, noclegowniach dla os\u00f3b bezdomnych,z wy\u0142\u0105czeniem \u015bwiadczenia us\u0142ug firm zewn\u0119trznych (np. catering).<\/li><\/ul>\n\n\n\n<p style=\"text-align:center\"><strong>Zestaw na Podprogram 2019 obejmuje artyku\u0142y spo\u017cywcze w \u0142\u0105cznej ilo\u015bci ok. <s>50,5 kg<\/s> 48,6 kg [aktualizacja z dnia 31.01.2020], w tym:<\/strong><\/p>\n\n\n\n<p><strong>1) Artyku\u0142y warzywne i owocowe<\/strong>: <\/p>\n\n\n\n<ul><li>groszek z marchewk\u0105 3,20 kg,<\/li><li>fasola bia\u0142a 3,20 kg,<\/li><li>koncentrat pomidorowy 1,12 kg,<\/li><li>buraczki wi\u00f3rki 1,05 kg,<\/li><li>powid\u0142a \u015bliwkowe 1,80 kg,<\/li><li>sok jab\u0142kowy klarowany 4 l<\/li><\/ul>\n\n\n\n<p><strong>2) Artyku\u0142y skrobiowe:<\/strong><\/p>\n\n\n\n<ul><li> makaron jajeczny 4,50 kg,<\/li><li>makaron kukurydziany bezglutenowy 1,00 kg,<\/li><li>ry\u017c bia\u0142y 3,00 kg,<\/li><li>kasza gryczana 1,50 kg,<\/li><li>herbatniki ma\u015blane 0,80 kg,<\/li><\/ul>\n\n\n\n<p><strong>3) Artyku\u0142y mleczne:<\/strong><\/p>\n\n\n\n<ul><li>mleko UHT 7 l<\/li><li>ser podpuszczkowy dojrzewaj\u0105cy 2,00 kg,<\/li><\/ul>\n\n\n\n<p><strong>4) Artyku\u0142y mi\u0119sne:<\/strong><\/p>\n\n\n\n<ul><li>szynka drobiowa 2,70 kg,<\/li><li><s>szynka wieprzowa mielona 1,80 kg,<\/s> [aktualizacja z dnia 31.01.2010]<\/li><li>pasztet wieprzowy 0,48 kg,<\/li><li>filet z makreli w oleju 1,53 kg,<\/li><\/ul>\n\n\n\n<p><strong>5) Cukier: <\/strong><\/p>\n\n\n\n<ul><li>cukier bia\u0142y 4 kg,<\/li><\/ul>\n\n\n\n<p><strong>6) T\u0142uszcze<\/strong>: <\/p>\n\n\n\n<ul><li>olej rzepakowy 4 l,<\/li><\/ul>\n\n\n\n<p><strong>7) Dania gotowe: <\/strong><\/p>\n\n\n\n<ul><li> go\u0142\u0105bki w sosie pomidorowym 1,70 kg <\/li><\/ul>\n\n\n\n<p>W przypadku, gdy liczba os\u00f3b uprawnionych do pomocy \u017cywno\u015bciowej zg\u0142aszaj\u0105cych&nbsp;si\u0119 w trakcie realizacji Podprogramu 2018 do danej OPR\/OPL przekroczy limit przydzia\u0142u \u017cywno\u015bci dla OPR\/OPL, Instytucja Zarz\u0105dzaj\u0105ca dopuszcza zmniejszenie zestawu rocznego dla 1 osoby, nie wi\u0119cej jednak\u017ce ni\u017c do 80% jego ca\u0142kowitej ilo\u015bci (tj. do 39,5 kg). W zestawie nale\u017cy w miar\u0119 mo\u017cliwo\u015bci uwzgl\u0119dni\u0107 produkty ze wszystkich grup artyku\u0142\u00f3w spo\u017cywczych.<\/p>\n\n\n\n<p>W uzasadnionych sytuacjach np. stan zdrowia, lub indywidualne potrzeby \u017cywno\u015bciowe mo\u017cna zmieni\u0107 artyku\u0142 spo\u017cywczy na inny w odpowiedniej proporcji lub zwi\u0119kszy\u0107 liczb\u0119 opakowa\u0144.<\/p>\n\n\n\n<p>W przypadku rodzin z dzie\u0107mi dopuszcza si\u0119 zwi\u0119kszenie liczby opakowa\u0144 artyku\u0142\u00f3w spo\u017cywczych do potrzeb rodzin.<\/p>\n\n\n\n<p><strong>\u017bywno\u015b\u0107 wydawana osobom potrzebuj\u0105cym w ramach POP\u017b wydawana jest nieodp\u0142atnie.<\/strong><\/p>\n\n\n\n<h3 style=\"text-align:center\"><strong>SK\u0141ADANIE SKARG PRZEZ OSOBY NAJBARDZIEJ POTRZEBUJ\u0104CE:<\/strong><\/h3>\n\n\n\n<p>Ka\u017cda osoba potrzebuj\u0105ca ma prawo z\u0142o\u017cenia skargi dotycz\u0105cej sposobu dystrybucji \u017cywno\u015bci do lokalnego Banku \u017bywno\u015bci, nast\u0119pnie do Federacji Polskich Bank\u00f3w \u017bywno\u015bci z siedzib\u0105&nbsp;w Warszawie albo do Instytucji Zarz\u0105dzaj\u0105cej \u2013 Ministra Rodziny, Pracy i Polityki Spo\u0142ecznej.<\/p>\n\n\n\n<h3 style=\"text-align:center\"><strong>DZIA\u0141ANIA TOWARZYSZ\u0104CE:<\/strong><\/h3>\n\n\n\n<p>Dzia\u0142ania realizowane przez Bank \u017bywno\u015bci na rzecz podopiecznych OPL, przy wsp\u00f3\u0142pracy&nbsp;z OPL i OPS:<\/p>\n\n\n\n<ul><li>warsztaty kulinarne;<\/li><li>warsztaty edukacji ekonomicznej;<\/li><li>warsztaty \u017cywieniowe;<\/li><li>warsztaty niemarnowania \u017cywno\u015bci.<\/li><\/ul>\n\n\n\n<p>Dzia\u0142ania realizowane s\u0105 w siedzibie organizacji bior\u0105cej udzia\u0142 w Podprogramie lub w miejscu wyznaczonym przez organizacj\u0119 na rzecz podopiecznych, kt\u00f3rzy zostali zakwalifikowani do otrzymania pomocy \u017cywno\u015bciowej, w pobli\u017cu ich miejsca zamieszkania.<\/p>\n\n\n\n<p>Terminy oraz miejsca realizacji warsztat\u00f3w znajduj\u0105 si\u0119 na stronach internetowych Bank\u00f3w \u017bywno\u015bci.<\/p>\n\n\n\n<p>Do udzia\u0142u w dzia\u0142aniach towarzysz\u0105cych ma prawo ka\u017cda osoba, kt\u00f3ra otrzyma\u0142a skierowanie z OPS do odbioru wsparcia \u017cywno\u015bciowego w ramach POP\u017b \u2013 ale nie znaczy to, \u017ce ka\u017cda osoba musi z nich skorzysta\u0107.<\/p>\n\n\n\n<p>Konieczna jest wsp\u00f3\u0142praca z OPS w zakresie rzeczywistych potrzeb obj\u0119cia wsparciem dzia\u0142aniami os\u00f3b, kt\u00f3re korzystaj\u0105 z POP\u017b.<\/p>\n\n\n\n<p>Dzia\u0142ania nie mog\u0105 si\u0119 pokrywa\u0107 z dzia\u0142aniami prowadzonymi w ramach innych funduszy unijnych (EFS i PROW) w danym wojew\u00f3dztwie, ale musz\u0105 by\u0107 z nimi komplementarne.<\/p>\n\n\n\n<p><strong>Dzia\u0142ania realizowane przez Organizacje Partnerskie Lokalne na rzecz podopiecznych to:<\/strong><\/p>\n\n\n\n<ul><li>w\u0142\u0105czenie os\u00f3b do\u015bwiadczaj\u0105cych deprywacji materialnej w funkcjonowanie spo\u0142eczno\u015bci lokalnych, np.: zaj\u0119cia aktywizuj\u0105ce i wsp\u00f3lne inicjatywy na rzecz spo\u0142eczno\u015bci lokalnej, zmierzaj\u0105ce do wyj\u015bcia z ub\u00f3stwa;<\/li><li>grupy wsparcia dla r\u00f3\u017cnych kategorii os\u00f3b w trudnej sytuacji (np. osoby starsze, matki<br>z dzie\u0107mi, osoby samotne);<\/li><li>pomoc towarzysz\u0105c\u0105 niezb\u0119dn\u0105 do zaspokajania podstawowych potrzeb \u017cyciowych \u2013 os\u00f3b korzystaj\u0105cych z pomocy \u017cywno\u015bciowej (z wy\u0142\u0105czeniem pomocy rzeczowej);<\/li><li>pomoc w utrzymaniu higieny osobistej osobom bezdomnym;<\/li><li>wsparcie psychologiczne\/terapeutyczne os\u00f3b zagro\u017conych wykluczeniem spo\u0142ecznym.<\/li><\/ul>\n\n\n\n<p><strong><a href=\"https:\/\/docs.google.com\/spreadsheets\/d\/1UkhNw2qafOBGhWP61ahXL-W_XteWWOtVw2fwwXIx_Sk\/edit#gid=0\">Lista Organizacji (OPL) wsp\u00f3\u0142pracuj\u0105cych z Bankiem \u017bywno\u015bci w Krakowie przy POP\u017b&nbsp; \u2013 podpisane umowy<\/a><\/strong><\/p>\n\n\n\n<p><strong><a href=\"https:\/\/docs.google.com\/spreadsheets\/d\/1IqohK7oV4PPBZRIpbwAQyoWv2lY3JpKGIOf_OWs2mO0\/edit#gid=0\">Harmonogram warsztat\u00f3w POP\u017b 2019<\/a><\/strong><\/p>\n\n\n\n<h3 style=\"text-align:center\"><strong>PODPROGRAM 2019 \u2013 EFEKTY<\/strong><\/h3>\n\n\n\n<p>Bank \u017bywno\u015bci w Krakowie realizowa\u0142 Program Operacyjny Pomoc \u017bywno\u015bciowa Podprogram 2018 wsp\u00f3\u0142finansowany z Europejskiego Funduszu Pomocy Najbardziej Potrzebuj\u0105cym, kt\u00f3rego celem by\u0142o zapewnienie najubo\u017cszym mieszka\u0144com Polski pomocy \u017cywno\u015bciowej oraz uczestnictwa w dzia\u0142aniach w ramach \u015brodk\u00f3w towarzysz\u0105cych w okresie pa\u017adziernik 2019 \u2013 wrzesie\u0144 2020.<\/p>\n\n\n\n<p><strong>Osoby potrzebuj\u0105ce otrzyma\u0142y bezp\u0142atnie artyku\u0142y spo\u017cywcze:<\/strong><\/p>\n\n\n\n<ul><li>warzywne i owocowe (groszek z marchewk\u0105, fasola bia\u0142a, koncentrat pomidorowy, buraczki wi\u00f3rki, powid\u0142a \u015bliwkowe, sok jab\u0142kowy);<\/li><li>skrobiowe (makaron jajeczny, makaron kukurydziany bezglutenowy, ry\u017c bia\u0142y, kasza gryczana, herbatniki ma\u015blane),<\/li><li>mleczne (mleko UHT, ser podpuszczkowy dojrzewaj\u0105cy),<\/li><li>mi\u0119sne (szynka drobiowa,  pasztet wieprzowy, filet z makreli w oleju),<\/li><li>cukier (cukier bia\u0142y),<\/li><li>&nbsp;t\u0142uszcze (olej rzepakowy),<\/li><li>&nbsp;dania gotowe (go\u0142\u0105bki w sosie pomidorowym).<\/li><\/ul>\n\n\n\n<p>Wsp\u00f3\u0142pracowali\u015bmy ze&nbsp;<strong>93<\/strong>&nbsp;Organizacjami Partnerskimi Lokalnymi z terenu wojew\u00f3dztwa ma\u0142opolskiego.<\/p>\n\n\n\n<p>Pomoc \u017cywno\u015bciowa trafi\u0142a do&nbsp;<strong>38,5 tys. os\u00f3b<\/strong>&nbsp;znajduj\u0105cych si\u0119 w trudnej sytuacji \u017cyciowej z terenu wojew\u00f3dztwa ma\u0142opolskiego.<\/p>\n\n\n\n<p>&nbsp;<strong>Wydali\u015bmy osobom potrzebuj\u0105cym:<\/strong><\/p>\n\n\n\n<ul><li>&nbsp;2354,30838 ton \u017cywno\u015bci;<\/li><li>&nbsp;279 040  paczek \u017cywno\u015bciowych;<\/li><li> 96 652  posi\u0142k\u00f3w;<\/li><\/ul>\n\n\n\n<p>W ramach Podprogramu 2019 realizowali\u015bmy r\u00f3wnie\u017c dzia\u0142ania towarzysz\u0105ce skierowane do os\u00f3b korzystaj\u0105cych z pomocy \u017cywno\u015bciowej. W ramach tych dzia\u0142a\u0144 przeprowadzili\u015bmy \u0142\u0105cznie 401 warsztat\u00f3w edukacyjnych, w kt\u00f3rych wzi\u0119\u0142o udzia\u0142  4211 os\u00f3b.<\/p>\n\n\n\n<p>&nbsp;<strong>Rodzaje warsztat\u00f3w:<\/strong><\/p>\n\n\n\n<ul><li>Ekonomiczne \u2013 7 spotka\u0144 dla 63 uczestnik\u00f3w,<\/li><li>\u017bywieniowo &#8211; dietetyczne \u2013 67 spotka\u0144 dla 825 uczestnik\u00f3w,<\/li><li>Kulinarne \u2013 98 spotka\u0144 dla 1163 uczestnik\u00f3w,<\/li><li>Niemarnowanie \u017cywno\u015bci \u2013 7 spotka\u0144 dla 130 uczestnik\u00f3w,<\/li><li>Inne &#8211; 222 spotka\u0144 dla 2030 uczestnik\u00f3w. <\/li><\/ul>\n","protected":false},"excerpt":{"rendered":"<p>PROGRAM OPERACYJNY POMOC \u017bYWNO\u015aCIOWA 2014 \u2013 2020 JEST WSP\u00d3\u0141FINANSOWANY Z EUROPEJSKIEGO FUNDUSZU POMOCY NAJBARDZIEJ POTRZEBUJ\u0104CYM PODROGRAM 2019 Celem tego Funduszu jest ograniczanie ub\u00f3stwa poprzez zwi\u0119kszenie bezpiecze\u0144stwa \u017cywno\u015bciowego os\u00f3b najbardziej potrzebuj\u0105cych i realizacj\u0119 dzia\u0142a\u0144 na rzecz w\u0142\u0105czenia spo\u0142ecznego. Realizowany jest on we wszystkich krajach Unii Europejskiej i wsp\u00f3\u0142finansowany w 85% ze \u015brodk\u00f3w UE. Pomoc w ramach &hellip;<\/p>\n","protected":false},"author":1,"featured_media":0,"parent":4079,"menu_order":0,"comment_status":"closed","ping_status":"closed","template":"","meta":{"_mi_skip_tracking":false},"yoast_head":"<!-- This site is optimized with the Yoast SEO plugin v19.7.2 - https:\/\/yoast.com\/wordpress\/plugins\/seo\/ -->\n<title>Podprogram 2019 - Bank \u017bywno\u015bci w Krakowie<\/title>\n<meta name=\"robots\" content=\"index, follow, max-snippet:-1, max-image-preview:large, max-video-preview:-1\" \/>\n<link rel=\"canonical\" href=\"https:\/\/krakow.bankizywnosci.pl\/?page_id=5015\" \/>\n<meta property=\"og:locale\" content=\"pl_PL\" \/>\n<meta property=\"og:type\" content=\"article\" \/>\n<meta property=\"og:title\" content=\"Podprogram 2019 - Bank \u017bywno\u015bci w Krakowie\" \/>\n<meta property=\"og:description\" content=\"PROGRAM OPERACYJNY POMOC \u017bYWNO\u015aCIOWA 2014 \u2013 2020 JEST WSP\u00d3\u0141FINANSOWANY Z EUROPEJSKIEGO FUNDUSZU POMOCY NAJBARDZIEJ POTRZEBUJ\u0104CYM PODROGRAM 2019 Celem tego Funduszu jest ograniczanie ub\u00f3stwa poprzez zwi\u0119kszenie bezpiecze\u0144stwa \u017cywno\u015bciowego os\u00f3b najbardziej potrzebuj\u0105cych i realizacj\u0119 dzia\u0142a\u0144 na rzecz w\u0142\u0105czenia spo\u0142ecznego. Realizowany jest on we wszystkich krajach Unii Europejskiej i wsp\u00f3\u0142finansowany w 85% ze \u015brodk\u00f3w UE. Pomoc w ramach &hellip;\" \/>\n<meta property=\"og:url\" content=\"https:\/\/krakow.bankizywnosci.pl\/?page_id=5015\" \/>\n<meta property=\"og:site_name\" content=\"Bank \u017bywno\u015bci w Krakowie\" \/>\n<meta property=\"article:publisher\" content=\"https:\/\/www.facebook.com\/bzkrk\" \/>\n<meta property=\"article:modified_time\" content=\"2021-09-13T07:07:49+00:00\" \/>\n<meta property=\"og:image\" content=\"https:\/\/krakow.bankizywnosci.pl\/wp-content\/uploads\/2018\/04\/2121-1024x163.jpg\" \/>\n<meta name=\"twitter:card\" content=\"summary_large_image\" \/>\n<meta name=\"twitter:label1\" content=\"Szacowany czas czytania\" \/>\n\t<meta name=\"twitter:data1\" content=\"8 minut\" \/>\n<script type=\"application\/ld+json\" class=\"yoast-schema-graph\">{\"@context\":\"https:\/\/schema.org\",\"@graph\":[{\"@type\":\"WebPage\",\"@id\":\"https:\/\/krakow.bankizywnosci.pl\/?page_id=5015\",\"url\":\"https:\/\/krakow.bankizywnosci.pl\/?page_id=5015\",\"name\":\"Podprogram 2019 - Bank \u017bywno\u015bci w Krakowie\",\"isPartOf\":{\"@id\":\"https:\/\/krakow.bankizywnosci.pl\/#website\"},\"datePublished\":\"2020-01-07T11:27:11+00:00\",\"dateModified\":\"2021-09-13T07:07:49+00:00\",\"breadcrumb\":{\"@id\":\"https:\/\/krakow.bankizywnosci.pl\/?page_id=5015#breadcrumb\"},\"inLanguage\":\"pl-PL\",\"potentialAction\":[{\"@type\":\"ReadAction\",\"target\":[\"https:\/\/krakow.bankizywnosci.pl\/?page_id=5015\"]}]},{\"@type\":\"BreadcrumbList\",\"@id\":\"https:\/\/krakow.bankizywnosci.pl\/?page_id=5015#breadcrumb\",\"itemListElement\":[{\"@type\":\"ListItem\",\"position\":1,\"name\":\"Strona g\u0142\u00f3wna\",\"item\":\"https:\/\/krakow.bankizywnosci.pl\/\"},{\"@type\":\"ListItem\",\"position\":2,\"name\":\"POPZ\",\"item\":\"https:\/\/krakow.bankizywnosci.pl\/?page_id=4079\"},{\"@type\":\"ListItem\",\"position\":3,\"name\":\"Podprogram 2019\"}]},{\"@type\":\"WebSite\",\"@id\":\"https:\/\/krakow.bankizywnosci.pl\/#website\",\"url\":\"https:\/\/krakow.bankizywnosci.pl\/\",\"name\":\"Bank \u017bywno\u015bci w Krakowie\",\"description\":\"\",\"publisher\":{\"@id\":\"https:\/\/krakow.bankizywnosci.pl\/#organization\"},\"potentialAction\":[{\"@type\":\"SearchAction\",\"target\":{\"@type\":\"EntryPoint\",\"urlTemplate\":\"https:\/\/krakow.bankizywnosci.pl\/?s={search_term_string}\"},\"query-input\":\"required name=search_term_string\"}],\"inLanguage\":\"pl-PL\"},{\"@type\":\"Organization\",\"@id\":\"https:\/\/krakow.bankizywnosci.pl\/#organization\",\"name\":\"Bank \u017bywno\u015bci w Krakowie\",\"url\":\"https:\/\/krakow.bankizywnosci.pl\/\",\"sameAs\":[\"https:\/\/www.linkedin.com\/company\/bank-ywnoci-w-krakowie\/\",\"https:\/\/www.instagram.com\/bankzywnosciwkrakowie\/\",\"https:\/\/www.youtube.com\/@bankzywnosciwkrakowie\",\"https:\/\/www.facebook.com\/bzkrk\"],\"logo\":{\"@type\":\"ImageObject\",\"inLanguage\":\"pl-PL\",\"@id\":\"https:\/\/krakow.bankizywnosci.pl\/#\/schema\/logo\/image\/\",\"url\":\"https:\/\/krakow.bankizywnosci.pl\/wp-content\/uploads\/2018\/02\/logo_200.png\",\"contentUrl\":\"https:\/\/krakow.bankizywnosci.pl\/wp-content\/uploads\/2018\/02\/logo_200.png\",\"width\":200,\"height\":50,\"caption\":\"Bank \u017bywno\u015bci w Krakowie\"},\"image\":{\"@id\":\"https:\/\/krakow.bankizywnosci.pl\/#\/schema\/logo\/image\/\"}}]}<\/script>\n<!-- \/ Yoast SEO plugin. -->","yoast_head_json":{"title":"Podprogram 2019 - Bank \u017bywno\u015bci w Krakowie","robots":{"index":"index","follow":"follow","max-snippet":"max-snippet:-1","max-image-preview":"max-image-preview:large","max-video-preview":"max-video-preview:-1"},"canonical":"https:\/\/krakow.bankizywnosci.pl\/?page_id=5015","og_locale":"pl_PL","og_type":"article","og_title":"Podprogram 2019 - Bank \u017bywno\u015bci w Krakowie","og_description":"PROGRAM OPERACYJNY POMOC \u017bYWNO\u015aCIOWA 2014 \u2013 2020 JEST WSP\u00d3\u0141FINANSOWANY Z EUROPEJSKIEGO FUNDUSZU POMOCY NAJBARDZIEJ POTRZEBUJ\u0104CYM PODROGRAM 2019 Celem tego Funduszu jest ograniczanie ub\u00f3stwa poprzez zwi\u0119kszenie bezpiecze\u0144stwa \u017cywno\u015bciowego os\u00f3b najbardziej potrzebuj\u0105cych i realizacj\u0119 dzia\u0142a\u0144 na rzecz w\u0142\u0105czenia spo\u0142ecznego. Realizowany jest on we wszystkich krajach Unii Europejskiej i wsp\u00f3\u0142finansowany w 85% ze \u015brodk\u00f3w UE. Pomoc w ramach &hellip;","og_url":"https:\/\/krakow.bankizywnosci.pl\/?page_id=5015","og_site_name":"Bank \u017bywno\u015bci w Krakowie","article_publisher":"https:\/\/www.facebook.com\/bzkrk","article_modified_time":"2021-09-13T07:07:49+00:00","og_image":[{"url":"https:\/\/krakow.bankizywnosci.pl\/wp-content\/uploads\/2018\/04\/2121-1024x163.jpg"}],"twitter_card":"summary_large_image","twitter_misc":{"Szacowany czas czytania":"8 minut"},"schema":{"@context":"https:\/\/schema.org","@graph":[{"@type":"WebPage","@id":"https:\/\/krakow.bankizywnosci.pl\/?page_id=5015","url":"https:\/\/krakow.bankizywnosci.pl\/?page_id=5015","name":"Podprogram 2019 - Bank \u017bywno\u015bci w Krakowie","isPartOf":{"@id":"https:\/\/krakow.bankizywnosci.pl\/#website"},"datePublished":"2020-01-07T11:27:11+00:00","dateModified":"2021-09-13T07:07:49+00:00","breadcrumb":{"@id":"https:\/\/krakow.bankizywnosci.pl\/?page_id=5015#breadcrumb"},"inLanguage":"pl-PL","potentialAction":[{"@type":"ReadAction","target":["https:\/\/krakow.bankizywnosci.pl\/?page_id=5015"]}]},{"@type":"BreadcrumbList","@id":"https:\/\/krakow.bankizywnosci.pl\/?page_id=5015#breadcrumb","itemListElement":[{"@type":"ListItem","position":1,"name":"Strona g\u0142\u00f3wna","item":"https:\/\/krakow.bankizywnosci.pl\/"},{"@type":"ListItem","position":2,"name":"POPZ","item":"https:\/\/krakow.bankizywnosci.pl\/?page_id=4079"},{"@type":"ListItem","position":3,"name":"Podprogram 2019"}]},{"@type":"WebSite","@id":"https:\/\/krakow.bankizywnosci.pl\/#website","url":"https:\/\/krakow.bankizywnosci.pl\/","name":"Bank \u017bywno\u015bci w Krakowie","description":"","publisher":{"@id":"https:\/\/krakow.bankizywnosci.pl\/#organization"},"potentialAction":[{"@type":"SearchAction","target":{"@type":"EntryPoint","urlTemplate":"https:\/\/krakow.bankizywnosci.pl\/?s={search_term_string}"},"query-input":"required name=search_term_string"}],"inLanguage":"pl-PL"},{"@type":"Organization","@id":"https:\/\/krakow.bankizywnosci.pl\/#organization","name":"Bank \u017bywno\u015bci w Krakowie","url":"https:\/\/krakow.bankizywnosci.pl\/","sameAs":["https:\/\/www.linkedin.com\/company\/bank-ywnoci-w-krakowie\/","https:\/\/www.instagram.com\/bankzywnosciwkrakowie\/","https:\/\/www.youtube.com\/@bankzywnosciwkrakowie","https:\/\/www.facebook.com\/bzkrk"],"logo":{"@type":"ImageObject","inLanguage":"pl-PL","@id":"https:\/\/krakow.bankizywnosci.pl\/#\/schema\/logo\/image\/","url":"https:\/\/krakow.bankizywnosci.pl\/wp-content\/uploads\/2018\/02\/logo_200.png","contentUrl":"https:\/\/krakow.bankizywnosci.pl\/wp-content\/uploads\/2018\/02\/logo_200.png","width":200,"height":50,"caption":"Bank \u017bywno\u015bci w Krakowie"},"image":{"@id":"https:\/\/krakow.bankizywnosci.pl\/#\/schema\/logo\/image\/"}}]}},"_links":{"self":[{"href":"https:\/\/krakow.bankizywnosci.pl\/index.php?rest_route=\/wp\/v2\/pages\/5015"}],"collection":[{"href":"https:\/\/krakow.bankizywnosci.pl\/index.php?rest_route=\/wp\/v2\/pages"}],"about":[{"href":"https:\/\/krakow.bankizywnosci.pl\/index.php?rest_route=\/wp\/v2\/types\/page"}],"author":[{"embeddable":true,"href":"https:\/\/krakow.bankizywnosci.pl\/index.php?rest_route=\/wp\/v2\/users\/1"}],"replies":[{"embeddable":true,"href":"https:\/\/krakow.bankizywnosci.pl\/index.php?rest_route=%2Fwp%2Fv2%2Fcomments&post=5015"}],"version-history":[{"count":13,"href":"https:\/\/krakow.bankizywnosci.pl\/index.php?rest_route=\/wp\/v2\/pages\/5015\/revisions"}],"predecessor-version":[{"id":5676,"href":"https:\/\/krakow.bankizywnosci.pl\/index.php?rest_route=\/wp\/v2\/pages\/5015\/revisions\/5676"}],"up":[{"embeddable":true,"href":"https:\/\/krakow.bankizywnosci.pl\/index.php?rest_route=\/wp\/v2\/pages\/4079"}],"wp:attachment":[{"href":"https:\/\/krakow.bankizywnosci.pl\/index.php?rest_route=%2Fwp%2Fv2%2Fmedia&parent=5015"}],"curies":[{"name":"wp","href":"https:\/\/api.w.org\/{rel}","templated":true}]}}