{"id":6167,"date":"2023-03-14T08:45:26","date_gmt":"2023-03-14T08:45:26","guid":{"rendered":"https:\/\/krakow.bankizywnosci.pl\/?page_id=6167"},"modified":"2023-03-15T08:03:46","modified_gmt":"2023-03-15T08:03:46","slug":"program-20-22","status":"publish","type":"page","link":"https:\/\/krakow.bankizywnosci.pl\/?page_id=6167","title":{"rendered":"Program 20.22"},"content":{"rendered":"\n<h3 class=\"has-text-align-center\">Program zwi\u0119kszenia zakresu, skuteczno\u015bci i u\u017cyteczno\u015bci wsparcia mieszkanek i mieszka\u0144c\u00f3w Krakowa znajduj\u0105cych si\u0119 w&nbsp;trudnej sytuacji ekonomicznej.<\/h3>\n\n\n\n<p>Program 20.22 wynika z rekomendacji zawartych w Diagnozie powsta\u0142ej z&nbsp;&nbsp;Badania skali ub\u00f3stwa w Krakowie w kontek\u015bcie rewitalizacji,&nbsp; przeprowadzonego przez Bank \u017bywno\u015bci w Krakowie w 2022 r na zlecenie Miasta Krakowa. Jego adresatami s\u0105 organizacje pozarz\u0105dowe i inne podmioty niepubliczne prowadz\u0105ce dzia\u0142alno\u015b\u0107 w sferze po\u017cytku publicznego, czyli realizator\u00f3w programu.<\/p>\n\n\n\n<p>Rekomendacje dotycz\u0105 organizacji pozarz\u0105dowych i plac\u00f3wek ko\u015bcielnych, bo one uczestniczy\u0142y w badaniu, ale program jest otwarty tak\u017ce na inne podmioty niepubliczne prowadz\u0105ce dzia\u0142alno\u015b\u0107 po\u017cytku publicznego, w szczeg\u00f3lno\u015bci sp\u00f3\u0142dzielnie socjalne oraz sp\u00f3\u0142ki non-profit.<\/p>\n\n\n\n<p>Liderem programu jest Bank \u017bywno\u015bci w Krakowie.<\/p>\n\n\n\n<p>Program ma formu\u0142\u0119 otwart\u0105 i partycypacyjn\u0105: ka\u017cda organizacja pozarz\u0105dowa i inny podmiot niepubliczny prowadz\u0105cy dzia\u0142alno\u015b\u0107 po\u017cytku publicznego na rzecz mieszka\u0144c\u00f3w Krakowa mo\u017ce uczestniczy\u0107 w okre\u015blaniu i realizacji dzia\u0142a\u0144 oraz wsp\u00f3\u0142zarz\u0105dza\u0107 ca\u0142o\u015bci\u0105 programu.<\/p>\n\n\n\n<p>Program okre\u015bla cele, spodziewane rezultaty oraz kierunki dzia\u0142a\u0144, kt\u00f3re maj\u0105 s\u0142u\u017cy\u0107 ich osi\u0105gni\u0119ciu oraz podstawowe zasady zarz\u0105dzania i realizacji dzia\u0142a\u0144.<\/p>\n\n\n\n<p>Program obejmuje 2 lata, ale z za\u0142o\u017ceniem, \u017ce pozwoli zbudowa\u0107 podwaliny do podejmowania dalszych dzia\u0142a\u0144 i wdra\u017cania kolejnych rekomendacji wynikaj\u0105cych z&nbsp;Diagnozy.<\/p>\n\n\n\n<p>Program nie jest programem publicznym, ale zak\u0142ada otwarto\u015b\u0107 na wsp\u00f3\u0142prac\u0119 w jego realizacji z instytucjami publicznymi, na czele z w\u0142adzami i administracj\u0105 Miasta Krakowa, a tak\u017ce podmiotami gospodarczymi.<\/p>\n\n\n\n<p>W dzia\u0142ania realizowane w ramach programu b\u0119d\u0105 w\u0142\u0105czani odbiorcy dzia\u0142a\u0144, czyli mieszka\u0144cy Krakowa \u017cyj\u0105cy w ub\u00f3stwie ekonomicznym. W szczeg\u00f3lno\u015bci zak\u0142adamy ich aktywny udzia\u0142 w lokalnych sieciach wsparcia, kt\u00f3rych powstanie inspirowane b\u0119dzie i&nbsp;wspierane w ramach programu.<\/p>\n\n\n\n<p>Zak\u0142adamy, \u017ce program b\u0119dzie kontynuowany po 2024 roku i rozwijany.<\/p>\n\n\n\n<p><strong>Cel d\u0142ugofalowy:<\/strong><\/p>\n\n\n\n<p>zmniejszenie skali degradacji spo\u0142ecznej mieszkanek i&nbsp;mieszka\u0144c\u00f3w Krakowa znajduj\u0105cych si\u0119 w trudnej sytuacji materialnej oraz poprawa jako\u015bci ich \u017cycia.<\/p>\n\n\n\n<p><strong>Cele operacyjne:<\/strong><\/p>\n\n\n\n<ul><li>poprawa koordynacji i u\u017cyteczno\u015bci wsparcia oferowanego przez organizacje pozarz\u0105dowe i inne podmioty prowadz\u0105ce dzia\u0142alno\u015b\u0107 po\u017cytku publicznego mieszka\u0144com Krakowa \u017cyj\u0105cym w trudnej sytuacji materialnej,<\/li><li>zwi\u0119kszenie skali rozumienia problemu ub\u00f3stwa i empatii dla os\u00f3b nim dotkni\u0119tych w\u015br\u00f3d mieszkanek i mieszka\u0144c\u00f3w Krakowa,<\/li><li>uruchomienie lokalnych zasob\u00f3w wsparcia dla mieszka\u0144c\u00f3w obszaru rewitalizacji \u017cyj\u0105cych w trudnej sytuacji ekonomicznej.<\/li><\/ul>\n\n\n\n<p><strong>Odbiorcy programu:<\/strong><\/p>\n\n\n\n<p>g\u0142\u00f3wnymi odbiorcami programu s\u0105 mieszkanki i mieszka\u0144cy Krakowa, kt\u00f3rych dochody uniemo\u017cliwiaj\u0105 zaspokajanie podstawowych potrzeb, w szczeg\u00f3lno\u015bci zamieszkuj\u0105cy na obszarze rewitalizacji. Dodatkowo dzia\u0142ania programu skierowane s\u0105 tak\u017ce do podmiot\u00f3w publicznych i niepublicznych, kt\u00f3re wspieraj\u0105 lub mog\u0105 wspiera\u0107 osoby \u017cyj\u0105ce w niedostatku.<\/p>\n\n\n\n<p><strong>Realizatorzy programu:<\/strong><\/p>\n\n\n\n<p>organizacje pozarz\u0105dowe, plac\u00f3wki ko\u015bcielne oraz inne podmioty prowadz\u0105ce dzia\u0142alno\u015b\u0107 po\u017cytku publicznego na rzecz mieszka\u0144c\u00f3w Krakowa, kt\u00f3re przyst\u0105pi\u0105 do programu.<\/p>\n\n\n\n<p><strong>Partnerzy programu:<\/strong><\/p>\n\n\n\n<p>podmioty publiczne, w szczeg\u00f3lno\u015bci Miasto Krak\u00f3w i jego jednostki, podmioty niepubliczne, w szczeg\u00f3lno\u015bci organizacje pozarz\u0105dowe oraz lokalni przedsi\u0119biorcy, kt\u00f3re zadeklaruj\u0105 ch\u0119\u0107 wsp\u00f3\u0142pracy przy realizacji programu.<\/p>\n\n\n\n<p><strong>G\u0142\u00f3wne planowane kierunki dzia\u0142a\u0144:<\/strong><\/p>\n\n\n\n<ul><li>Regularne spotkania realizator\u00f3w programu oraz jego partner\u00f3w s\u0142u\u017c\u0105ce:<\/li><li>wymianie informacji, wiedzy i do\u015bwiadcze\u0144 dotycz\u0105cych dzia\u0142a\u0144 na rzecz os\u00f3b \u017cyj\u0105cych w trudnej sytuacji ekonomicznej,<\/li><li>koordynacji tych dzia\u0142a\u0144 podejmowanych przez realizator\u00f3w i partner\u00f3w programu,<\/li><li>usp\u00f3jnieniu oferty wsparcia,<\/li><li>monitorowaniu sytuacji mieszka\u0144c\u00f3w Krakowa znajduj\u0105cych si\u0119 w trudnej sytuacji ekonomicznej,<\/li><\/ul>\n\n\n\n<p><strong>G\u0142\u00f3wne planowane kierunki dzia\u0142a\u0144:<\/strong><\/p>\n\n\n\n<ul><li>Przygotowanie i realizacja bie\u017c\u0105cych dzia\u0142a\u0144 informacyjnych oraz kampanii spo\u0142ecznych skierowanych do mieszka\u0144c\u00f3w Krakowa dotycz\u0105cych ub\u00f3stwa ekonomicznego.<\/li><li>Inicjowanie i wspieranie tworzenia lokalnych sieci wsparcia os\u00f3b \u017cyj\u0105cych w niedostatku na obszarze rewitalizacji.<\/li><li>Wsp\u00f3lne opracowywanie i realizacja innych dzia\u0142a\u0144 s\u0142u\u017c\u0105cych celom programu, co do kt\u00f3rych zgodz\u0105 si\u0119 realizatorzy programu.<\/li><li>Wsp\u00f3lne zarz\u0105dzanie programem.<\/li><li>Utrzymywanie kontakt\u00f3w z Miastem i jego jednostkami.<\/li><\/ul>\n\n\n\n<p><strong>Rezultaty bezpo\u015brednie:<\/strong><\/p>\n\n\n\n<ul><li>Otwarta platforma wsp\u00f3\u0142pracy na rzecz mieszka\u0144c\u00f3w Krakowa \u017cyj\u0105cych w trudnej sytuacji ekonomicznej<\/li><li>Mechanizm koordynacji wsparcia na rzecz os\u00f3b \u017cyj\u0105cych w niedostatku podmiot\u00f3w niepublicznych oraz podmiot\u00f3w publicznych<\/li><li>Mechanizm monitorowania sytuacji mieszka\u0144c\u00f3w Krakowa \u017cyj\u0105cych w trudnej sytuacji ekonomicznej<\/li><li>Dzia\u0142ania informacyjne i kampanie spo\u0142eczne skierowane do mieszka\u0144c\u00f3w Krakowa<\/li><li>Lokalna sie\u0107 wsparcia os\u00f3b \u017cyj\u0105cych w niedostatku w strefie rewitalizacji<\/li><\/ul>\n\n\n\n<p><strong>Rezultaty po\u015brednie:<\/strong><\/p>\n\n\n\n<ul><li>Zwi\u0119kszenie skuteczno\u015bci, efektywno\u015bci i zakresu wsparcia oferowanego mieszka\u0144com Krakowa \u017cyj\u0105cym w ub\u00f3stwie ekonomicznym<\/li><li>Lepsze rozpoznanie sytuacji mieszka\u0144c\u00f3w Krakowa \u017cyj\u0105cych w ub\u00f3stwie ekonomicznym<\/li><li>Dotarcie do mieszkanek i mieszka\u0144c\u00f3w Krakowa z przekazem dotycz\u0105cym ub\u00f3stwa ekonomicznego<\/li><li>Rozw\u00f3j lokalnej sieci wsparcia os\u00f3b \u017cyj\u0105cych w niedostatku w strefie rewitalizacji<\/li><\/ul>\n\n\n\n<p><strong>Zasady realizacji programu:<\/strong><\/p>\n\n\n\n<ul><li>akceptacja cel\u00f3w, rezultat\u00f3w i kierunk\u00f3w dzia\u0142a\u0144 programu,<\/li><li>dobrowolno\u015b\u0107 udzia\u0142u,<\/li><li>wzajemny szacunek i zaufanie,<\/li><li>odpowiedzialno\u015b\u0107 za zobowi\u0105zania,<\/li><li>wsp\u00f3lne podejmowanie decyzji,<\/li><li>jawno\u015b\u0107,<\/li><li>uznanie, \u017ce najwa\u017cniejsze jest dobro odbiorc\u00f3w programu.<\/li><\/ul>\n\n\n\n<p><strong>Spos\u00f3b realizacji programu:<\/strong><\/p>\n\n\n\n<ul><li>Gospodarzem programu jest Bank \u017bywno\u015bci w Krakowie.<\/li><li>Program jest wdra\u017cany przez jego realizator\u00f3w, na zasadach przez nich wsp\u00f3lnie ustalonych.<\/li><li>Realizacja programu opiera si\u0119 na zasobach realizator\u00f3w oraz partner\u00f3w, a tak\u017ce zasobach zewn\u0119trznych pozyskanych przez realizator\u00f3w programu.<\/li><li>Zapraszamy wszystkie organizacje pozarz\u0105dowe, plac\u00f3wki ko\u015bcielne, sp\u00f3\u0142dzielnie socjalne, sp\u00f3\u0142ki non-profit do w\u0142\u0105czenia si\u0119 w realizacj\u0119 programu a Miasto oraz przedsi\u0119biorc\u00f3w do wsp\u00f3\u0142pracy<\/li><\/ul>\n\n\n\n<div class=\"wp-block-cover is-light\" style=\"min-height:377px\"><span aria-hidden=\"true\" class=\"wp-block-cover__background has-cyan-bluish-gray-background-color has-background-dim-100 has-background-dim\"><\/span><div class=\"wp-block-cover__inner-container\">\n<h5 class=\"has-text-align-center has-large-font-size\">Lista organizacji, kt\u00f3re przyst\u0105pi\u0142y <br>do Programu 20.22<\/h5>\n\n\n\n<p><strong>Dzie\u0142o Pomocy \u015bw. Ojca Pio<br>Fundacja Cz\u0142owiekowi Cz\u0142owiek<br>Fundacja Ma\u0142opolska Izba Samorz\u0105dowa<br>Saltrom. Stowarzyszenie Salezja\u0144ski Ruch Troski o M\u0142odzie\u017c<br>Stowarzyszenie Wiosna<br>Bank \u017bywno\u015bci w Krakowie<\/strong><\/p>\n<\/div><\/div>\n\n\n\n<p><\/p>\n\n\n\n<p>Ca\u0142y tekst programu wraz z deklaracj\u0105&nbsp;&nbsp;do pobrania&nbsp;<strong><a href=\"https:\/\/krakow.bankizywnosci.pl\/wp-content\/uploads\/2023\/03\/Program-20.22.pdf\" target=\"_blank\" rel=\"noreferrer noopener\">tutaj<\/a><\/strong>.<\/p>\n\n\n\n<p>Prosimy o przesy\u0142anie skanu wype\u0142nionej deklaracji na adres:&nbsp;<a href=\"mailto:artur.jurkowski@bzkrakow.pl\" target=\"_blank\" rel=\"noreferrer noopener\">artur.jurkowski@bzkrakow.pl<\/a><\/p>\n\n\n\n<p>Wi\u0119cej informacji o&nbsp;&nbsp;Badania skali ub\u00f3stwa w Krakowie w kontek\u015bcie rewitalizacji&nbsp;&nbsp;<strong><a href=\"https:\/\/krakow.bankizywnosci.pl\/?p=6055\">tutaj<\/a><\/strong>.&nbsp;<\/p>\n","protected":false},"excerpt":{"rendered":"<p>Program zwi\u0119kszenia zakresu, skuteczno\u015bci i u\u017cyteczno\u015bci wsparcia mieszkanek i mieszka\u0144c\u00f3w Krakowa znajduj\u0105cych si\u0119 w&nbsp;trudnej sytuacji ekonomicznej. Program 20.22 wynika z rekomendacji zawartych w Diagnozie powsta\u0142ej z&nbsp;&nbsp;Badania skali ub\u00f3stwa w Krakowie w kontek\u015bcie rewitalizacji,&nbsp; przeprowadzonego przez Bank \u017bywno\u015bci w Krakowie w 2022 r na zlecenie Miasta Krakowa. Jego adresatami s\u0105 organizacje pozarz\u0105dowe i inne podmioty niepubliczne &hellip;<\/p>\n","protected":false},"author":1,"featured_media":0,"parent":0,"menu_order":0,"comment_status":"closed","ping_status":"closed","template":"","meta":{"_mi_skip_tracking":false},"yoast_head":"<!-- This site is optimized with the Yoast SEO plugin v19.7.2 - https:\/\/yoast.com\/wordpress\/plugins\/seo\/ -->\n<title>Program 20.22 - Bank \u017bywno\u015bci w Krakowie<\/title>\n<meta name=\"robots\" content=\"index, follow, max-snippet:-1, max-image-preview:large, max-video-preview:-1\" \/>\n<link rel=\"canonical\" href=\"https:\/\/krakow.bankizywnosci.pl\/?page_id=6167\" \/>\n<meta property=\"og:locale\" content=\"pl_PL\" \/>\n<meta property=\"og:type\" content=\"article\" \/>\n<meta property=\"og:title\" content=\"Program 20.22 - Bank \u017bywno\u015bci w Krakowie\" \/>\n<meta property=\"og:description\" content=\"Program zwi\u0119kszenia zakresu, skuteczno\u015bci i u\u017cyteczno\u015bci wsparcia mieszkanek i mieszka\u0144c\u00f3w Krakowa znajduj\u0105cych si\u0119 w&nbsp;trudnej sytuacji ekonomicznej. Program 20.22 wynika z rekomendacji zawartych w Diagnozie powsta\u0142ej z&nbsp;&nbsp;Badania skali ub\u00f3stwa w Krakowie w kontek\u015bcie rewitalizacji,&nbsp; przeprowadzonego przez Bank \u017bywno\u015bci w Krakowie w 2022 r na zlecenie Miasta Krakowa. Jego adresatami s\u0105 organizacje pozarz\u0105dowe i inne podmioty niepubliczne &hellip;\" \/>\n<meta property=\"og:url\" content=\"https:\/\/krakow.bankizywnosci.pl\/?page_id=6167\" \/>\n<meta property=\"og:site_name\" content=\"Bank \u017bywno\u015bci w Krakowie\" \/>\n<meta property=\"article:publisher\" content=\"https:\/\/www.facebook.com\/bzkrk\" \/>\n<meta property=\"article:modified_time\" content=\"2023-03-15T08:03:46+00:00\" \/>\n<meta name=\"twitter:card\" content=\"summary_large_image\" \/>\n<meta name=\"twitter:label1\" content=\"Szacowany czas czytania\" \/>\n\t<meta name=\"twitter:data1\" content=\"5 minut\" \/>\n<script type=\"application\/ld+json\" class=\"yoast-schema-graph\">{\"@context\":\"https:\/\/schema.org\",\"@graph\":[{\"@type\":\"WebPage\",\"@id\":\"https:\/\/krakow.bankizywnosci.pl\/?page_id=6167\",\"url\":\"https:\/\/krakow.bankizywnosci.pl\/?page_id=6167\",\"name\":\"Program 20.22 - Bank \u017bywno\u015bci w Krakowie\",\"isPartOf\":{\"@id\":\"https:\/\/krakow.bankizywnosci.pl\/#website\"},\"datePublished\":\"2023-03-14T08:45:26+00:00\",\"dateModified\":\"2023-03-15T08:03:46+00:00\",\"breadcrumb\":{\"@id\":\"https:\/\/krakow.bankizywnosci.pl\/?page_id=6167#breadcrumb\"},\"inLanguage\":\"pl-PL\",\"potentialAction\":[{\"@type\":\"ReadAction\",\"target\":[\"https:\/\/krakow.bankizywnosci.pl\/?page_id=6167\"]}]},{\"@type\":\"BreadcrumbList\",\"@id\":\"https:\/\/krakow.bankizywnosci.pl\/?page_id=6167#breadcrumb\",\"itemListElement\":[{\"@type\":\"ListItem\",\"position\":1,\"name\":\"Strona g\u0142\u00f3wna\",\"item\":\"https:\/\/krakow.bankizywnosci.pl\/\"},{\"@type\":\"ListItem\",\"position\":2,\"name\":\"Program 20.22\"}]},{\"@type\":\"WebSite\",\"@id\":\"https:\/\/krakow.bankizywnosci.pl\/#website\",\"url\":\"https:\/\/krakow.bankizywnosci.pl\/\",\"name\":\"Bank \u017bywno\u015bci w Krakowie\",\"description\":\"\",\"publisher\":{\"@id\":\"https:\/\/krakow.bankizywnosci.pl\/#organization\"},\"potentialAction\":[{\"@type\":\"SearchAction\",\"target\":{\"@type\":\"EntryPoint\",\"urlTemplate\":\"https:\/\/krakow.bankizywnosci.pl\/?s={search_term_string}\"},\"query-input\":\"required name=search_term_string\"}],\"inLanguage\":\"pl-PL\"},{\"@type\":\"Organization\",\"@id\":\"https:\/\/krakow.bankizywnosci.pl\/#organization\",\"name\":\"Bank \u017bywno\u015bci w Krakowie\",\"url\":\"https:\/\/krakow.bankizywnosci.pl\/\",\"sameAs\":[\"https:\/\/www.linkedin.com\/company\/bank-ywnoci-w-krakowie\/\",\"https:\/\/www.instagram.com\/bankzywnosciwkrakowie\/\",\"https:\/\/www.youtube.com\/@bankzywnosciwkrakowie\",\"https:\/\/www.facebook.com\/bzkrk\"],\"logo\":{\"@type\":\"ImageObject\",\"inLanguage\":\"pl-PL\",\"@id\":\"https:\/\/krakow.bankizywnosci.pl\/#\/schema\/logo\/image\/\",\"url\":\"https:\/\/krakow.bankizywnosci.pl\/wp-content\/uploads\/2018\/02\/logo_200.png\",\"contentUrl\":\"https:\/\/krakow.bankizywnosci.pl\/wp-content\/uploads\/2018\/02\/logo_200.png\",\"width\":200,\"height\":50,\"caption\":\"Bank \u017bywno\u015bci w Krakowie\"},\"image\":{\"@id\":\"https:\/\/krakow.bankizywnosci.pl\/#\/schema\/logo\/image\/\"}}]}<\/script>\n<!-- \/ Yoast SEO plugin. -->","yoast_head_json":{"title":"Program 20.22 - Bank \u017bywno\u015bci w Krakowie","robots":{"index":"index","follow":"follow","max-snippet":"max-snippet:-1","max-image-preview":"max-image-preview:large","max-video-preview":"max-video-preview:-1"},"canonical":"https:\/\/krakow.bankizywnosci.pl\/?page_id=6167","og_locale":"pl_PL","og_type":"article","og_title":"Program 20.22 - Bank \u017bywno\u015bci w Krakowie","og_description":"Program zwi\u0119kszenia zakresu, skuteczno\u015bci i u\u017cyteczno\u015bci wsparcia mieszkanek i mieszka\u0144c\u00f3w Krakowa znajduj\u0105cych si\u0119 w&nbsp;trudnej sytuacji ekonomicznej. Program 20.22 wynika z rekomendacji zawartych w Diagnozie powsta\u0142ej z&nbsp;&nbsp;Badania skali ub\u00f3stwa w Krakowie w kontek\u015bcie rewitalizacji,&nbsp; przeprowadzonego przez Bank \u017bywno\u015bci w Krakowie w 2022 r na zlecenie Miasta Krakowa. Jego adresatami s\u0105 organizacje pozarz\u0105dowe i inne podmioty niepubliczne &hellip;","og_url":"https:\/\/krakow.bankizywnosci.pl\/?page_id=6167","og_site_name":"Bank \u017bywno\u015bci w Krakowie","article_publisher":"https:\/\/www.facebook.com\/bzkrk","article_modified_time":"2023-03-15T08:03:46+00:00","twitter_card":"summary_large_image","twitter_misc":{"Szacowany czas czytania":"5 minut"},"schema":{"@context":"https:\/\/schema.org","@graph":[{"@type":"WebPage","@id":"https:\/\/krakow.bankizywnosci.pl\/?page_id=6167","url":"https:\/\/krakow.bankizywnosci.pl\/?page_id=6167","name":"Program 20.22 - Bank \u017bywno\u015bci w Krakowie","isPartOf":{"@id":"https:\/\/krakow.bankizywnosci.pl\/#website"},"datePublished":"2023-03-14T08:45:26+00:00","dateModified":"2023-03-15T08:03:46+00:00","breadcrumb":{"@id":"https:\/\/krakow.bankizywnosci.pl\/?page_id=6167#breadcrumb"},"inLanguage":"pl-PL","potentialAction":[{"@type":"ReadAction","target":["https:\/\/krakow.bankizywnosci.pl\/?page_id=6167"]}]},{"@type":"BreadcrumbList","@id":"https:\/\/krakow.bankizywnosci.pl\/?page_id=6167#breadcrumb","itemListElement":[{"@type":"ListItem","position":1,"name":"Strona g\u0142\u00f3wna","item":"https:\/\/krakow.bankizywnosci.pl\/"},{"@type":"ListItem","position":2,"name":"Program 20.22"}]},{"@type":"WebSite","@id":"https:\/\/krakow.bankizywnosci.pl\/#website","url":"https:\/\/krakow.bankizywnosci.pl\/","name":"Bank \u017bywno\u015bci w Krakowie","description":"","publisher":{"@id":"https:\/\/krakow.bankizywnosci.pl\/#organization"},"potentialAction":[{"@type":"SearchAction","target":{"@type":"EntryPoint","urlTemplate":"https:\/\/krakow.bankizywnosci.pl\/?s={search_term_string}"},"query-input":"required name=search_term_string"}],"inLanguage":"pl-PL"},{"@type":"Organization","@id":"https:\/\/krakow.bankizywnosci.pl\/#organization","name":"Bank \u017bywno\u015bci w Krakowie","url":"https:\/\/krakow.bankizywnosci.pl\/","sameAs":["https:\/\/www.linkedin.com\/company\/bank-ywnoci-w-krakowie\/","https:\/\/www.instagram.com\/bankzywnosciwkrakowie\/","https:\/\/www.youtube.com\/@bankzywnosciwkrakowie","https:\/\/www.facebook.com\/bzkrk"],"logo":{"@type":"ImageObject","inLanguage":"pl-PL","@id":"https:\/\/krakow.bankizywnosci.pl\/#\/schema\/logo\/image\/","url":"https:\/\/krakow.bankizywnosci.pl\/wp-content\/uploads\/2018\/02\/logo_200.png","contentUrl":"https:\/\/krakow.bankizywnosci.pl\/wp-content\/uploads\/2018\/02\/logo_200.png","width":200,"height":50,"caption":"Bank \u017bywno\u015bci w Krakowie"},"image":{"@id":"https:\/\/krakow.bankizywnosci.pl\/#\/schema\/logo\/image\/"}}]}},"_links":{"self":[{"href":"https:\/\/krakow.bankizywnosci.pl\/index.php?rest_route=\/wp\/v2\/pages\/6167"}],"collection":[{"href":"https:\/\/krakow.bankizywnosci.pl\/index.php?rest_route=\/wp\/v2\/pages"}],"about":[{"href":"https:\/\/krakow.bankizywnosci.pl\/index.php?rest_route=\/wp\/v2\/types\/page"}],"author":[{"embeddable":true,"href":"https:\/\/krakow.bankizywnosci.pl\/index.php?rest_route=\/wp\/v2\/users\/1"}],"replies":[{"embeddable":true,"href":"https:\/\/krakow.bankizywnosci.pl\/index.php?rest_route=%2Fwp%2Fv2%2Fcomments&post=6167"}],"version-history":[{"count":12,"href":"https:\/\/krakow.bankizywnosci.pl\/index.php?rest_route=\/wp\/v2\/pages\/6167\/revisions"}],"predecessor-version":[{"id":6192,"href":"https:\/\/krakow.bankizywnosci.pl\/index.php?rest_route=\/wp\/v2\/pages\/6167\/revisions\/6192"}],"wp:attachment":[{"href":"https:\/\/krakow.bankizywnosci.pl\/index.php?rest_route=%2Fwp%2Fv2%2Fmedia&parent=6167"}],"curies":[{"name":"wp","href":"https:\/\/api.w.org\/{rel}","templated":true}]}}